z + 5*d, 5*d - m*d + 4 = 0. What is the hundreds digit of z?
9
Let w = 649 + -1971. What is the thousands digit of (-4 + 5)/(6609/w - -5)?
1
What is the thousands digit of (12 - (-18024)/(-9))*(-15)/4?
7
Suppose -4*y + 5*l = -138 + 9, 58 = 3*y + 4*l. Suppose -32*m + y*m = -54. Suppose -6*k + m*k - 6 = 0. What is the units digit of k?
2
Suppose q - 7017 = -4*q - 4*c, 5*c - 5610 = -4*q. What is the hundreds digit of q?
4
Let v(j) = 27*j**2 - 12*j + 1740. What is the units digit of v(35)?
5
Let p = 17618 - 327. What is the hundreds digit of p?
2
Let x be (10712/16)/((-4)/16). Let f = -1265 - x. What is the hundreds digit of f?
4
Let m = 147 - 251. What is the tens digit of 782/(1*2) - m/104?
9
Suppose -3 = -2*k + v, 3*v = 4*k + 6*v - 11. Suppose 25 = y - 2*d - 15, -5*y + 188 = 2*d. Let i = k + y. What is the units digit of i?
0
Let w(j) = -2*j - 38. Let r be w(-11). What is the hundreds digit of ((-28)/r)/((-4)/(-704))?
3
Suppose 0 = -11*g + 1921 + 1280. Let q = g + 209. Suppose 4*f = 4*p + q, -2*f - 3*p + 7*p + 242 = 0. What is the hundreds digit of f?
1
Let l(n) = -13 + 106*n**3 + 2*n**2 - 15 + 3*n + 32 - 2*n - 6. Let d be 2 - (4/2 + -1). What is the hundreds digit of l(d)?
1
Suppose -10 = 2*d, -99776 = -3*z + 111*d - 107*d. What is the hundreds digit of z?
2
Let n(v) = -v**2 - 11*v + 5. Let u be n(-11). Suppose 3*z + 5*d = 3*d - 304, u*d - 490 = 5*z. Let c = 189 + z. What is the tens digit of c?
8
What is the hundreds digit of ((-234)/36 + 5)/(6/(-120676))?
1
Let k be 34/(-85) - 22267/(-5). Suppose -893 + k = 40*b. What is the tens digit of b?
8
Let x = -1449 + 4437. What is the hundreds digit of x?
9
Let d be -6*(-6 - -4) - 3. Let k be (1 + (-2 - -4))*6/d. Suppose 0*o + o = f - 43, -k*f + 79 = 5*o. What is the units digit of f?
2
Let y = 375 - 370. Suppose 4*m = -y*n + 4220, 7*n = -2*m + 6*n + 2104. What is the tens digit of m?
5
Let u(i) = -4690*i - 889. What is the ten thousands digit of u(-4)?
1
Let w be ((-24)/(-28))/(2/(-14)). Let i be 2 - w*(-1)/3. What is the units digit of (i - -6)*65/78?
5
Suppose 2*y + 0 = -8. Let j be (4 - 2)/(y/(-10)). Suppose -5*l + 3*d - 5*d + 367 = 0, -2*l + 141 = -j*d. What is the units digit of l?
3
Let z be 335/45*57 - 1/3. Suppose 0 = -3*b - b + 4*w + z, 5*w + 197 = 2*b. Let j = b + -13. What is the tens digit of j?
9
Let m(z) = -2*z**3 - 24*z**2 - 14*z + 267. What is the hundreds digit of m(-23)?
2
What is the ten thousands digit of (-51548)/(-5) + 1624/(-1015)?
1
Let u(a) = -2*a**3 + a**2 + 16*a + 34. Let k be u(-4). Suppose -d + q + 1681 = 0, q - 3356 = -k*d + 112*d. What is the thousands digit of d?
1
Let a(o) = -o**3 + 9*o**2 - 5*o - 21. Let n be a(8). What is the tens digit of (16 + -2350)*n/(-6)*1?
6
Suppose 8*s = 12*s + 264. Let w = s + 1. Let m = w - -164. What is the tens digit of m?
9
Suppose -6*h + 2*h = 2*l + 16, 4*l + 4*h = -28. Let d be ((-4)/(-1))/((-6)/l). Suppose -d*j - j - 5*v + 340 = 0, -v - 340 = -5*j. What is the tens digit of j?
6
Let f = 72 - 73. Let k be 3/(-2 - f) + 4 + 1. What is the tens digit of ((-1272)/(-20))/(k/5)?
5
Let p(t) = -211*t + 2. Let m be p(-1). Let h = m + -83. What is the hundreds digit of h?
1
Let o = -263 + 296. Suppose 0 = -o*s + 35*s - 1830. What is the hundreds digit of s?
9
Suppose 89*r + 3153 = 92*r + 3*x, -x - 5243 = -5*r. What is the units digit of r?
9
Let u be (((-35)/3)/7)/((-3)/2628). Suppose 1454*t + 162 = u*t. What is the tens digit of t?
2
Suppose 7*s + 2*a = 2*s + 40541, 4*s - 3*a - 32419 = 0. What is the hundreds digit of s?
1
Let u be -2*5 + 8 + -2. Let f(c) = 23*c**2 + 13*c + 12. What is the tens digit of f(u)?
2
Let g be (1/1 - -1)/(-9 - -11). Suppose -2*t + o + 3 = -g, -3*o = -2*t. What is the tens digit of 6/(-9) - (-1 - 434/t)?
4
Let c be -2 - (-28)/(-36) - (-6)/(-27). Let o be (((-6128)/(-6))/(-4))/(c/9). Let g = o - 529. What is the hundreds digit of g?
2
Let g = 185 + -1120. Let c = -424 - g. What is the hundreds digit of c?
5
Suppose -o - 3*g - 15 = 0, 0 = 2*o + 2*o - 3*g. What is the hundreds digit of (-2)/o*249 + -3?
1
Let q(m) = -9*m + 86. Suppose 0 = -8*d - 33 + 97. What is the units digit of q(d)?
4
What is the tens digit of (1450/(-30))/((15/(-5))/54)?
7
Suppose -2*z + 167 - 197 = 0. Let b(r) = 3*r**2 - 9*r - 138. What is the hundreds digit of b(z)?
6
Let d be 885/6*(-4)/5*1. Let h = -64 - d. Suppose h = 7*x - 37. What is the tens digit of x?
1
What is the thousands digit of -490*(-342)/(-54)*81/(-6)?
1
Let c be (-2 + 0)*(-1 + -3). Suppose 0 = -c*f + 3*f - 15. What is the units digit of 94*((-18)/4)/f?
1
Let l(y) = 3257*y**2 - 65*y - 1. What is the units digit of l(-2)?
7
Suppose 8*y = 11*y - 3762. Let c = y - 695. What is the tens digit of c?
5
Suppose -3*d - 6 - 9 = -3*u, 2*d + 1 = -u. What is the units digit of 7 + d + 0 + 24?
9
Suppose 14 = 9*t - 13. Suppose 0 = t*i - 12, 0 = -s + 5*i - 4*i + 758. What is the tens digit of s?
6
Suppose 138*w - 4*l = 141*w - 3688, -2*w + 5*l + 2451 = 0. What is the tens digit of w?
2
Let q(m) = -111*m + 93. Let y(b) = 28*b - 23. Let k(a) = 5*q(a) + 21*y(a). Let p be 6/15 - (265/(-25) + 5). What is the units digit of k(p)?
0
Suppose 5*q + 45 - 30 = 0. Let u(x) be the first derivative of 23*x**3/3 + 5*x**2/2 + 10*x + 12. What is the tens digit of u(q)?
0
Suppose 5*j = 5*s - 35455, 5*s - 19*j + 22*j - 35487 = 0. Suppose 35*b + s - 20920 = 0. What is the units digit of b?
5
Suppose 10937 + 38178 = 5*c + 4110. What is the thousands digit of c?
9
Let t = -616 + 562. What is the units digit of (3 + t/(-24))*248?
2
Suppose -66*k + 62147 = -140407. What is the tens digit of k?
6
Let j be ((88/16)/11)/((-2)/(-5292)). Suppose j + 2690 = 3*t + 2*l, 3*t + 5*l = 3998. What is the units digit of t?
1
Suppose -s + 1 = -c, 5*s - 3 = 4*c + 2*s. Let u be 13/((-4)/(-22) - 637/4290). Suppose c = 3*n + 2*n - u. What is the tens digit of n?
7
Let l = 18 + -13. Suppose 0 = 8*z + l*z - 3484. What is the hundreds digit of z?
2
Let q(v) = -4*v + 10. Let s(f) = 11 - 7 - 6 - 1 + f. Let p be s(-3). What is the units digit of q(p)?
4
Suppose 4*w = 3*b - 554, -w - 10 = w. Suppose 0 = -11*l + 9*l + b. Let x = 153 - l. What is the tens digit of x?
6
Suppose 41*t - 5 = 77. Suppose 0*m - m + 5*b = -97, t*m - 4*b = 164. What is the tens digit of m?
7
Suppose 5*g - 43504 = -216*y + 213*y, -g - 3*y = -8696. What is the tens digit of g?
0
Let g(b) = -2*b**2 + 6*b - 4. Let p(i) = -i. Let x(y) = -g(y) - p(y). Let q be x(4). Suppose -2*m - q = -40. What is the tens digit of m?
1
Let w(s) = -s**2 - 17*s + 12. Let o be w(-22). What is the units digit of (1 + o)*(4 - 6)?
4
Let c = 110 - 107. Suppose -3*k = -8*k - 3*a + 782, -c*k - 2*a = -470. What is the hundreds digit of k?
1
Suppose -4*t - y + 26 = -16, 3*t - 38 = -4*y. Suppose -9*i + t*i = 600. Suppose -k - i = -7*k. What is the hundreds digit of k?
1
Let l(j) = -69*j**2 - 2*j - 1. Let m be l(-1). Suppose -1006*u - 407 = -995*u. Let r = u - m. What is the tens digit of r?
3
Let g(j) = 119*j**2 - 17*j - 2. Let l(s) = 60*s**2 - 9*s - 1. Let k(q) = -2*g(q) + 5*l(q). What is the tens digit of k(2)?
2
Let r = -160 - -155. Let i(c) = 13*c**2 - 15*c - 8. What is the tens digit of i(r)?
9
Suppose v + 10 = -2*b, 4*v + 17 = -4*b - 3. Suppose -u = 5*t - 437, 0 = 5*t - 4*u - 252 - 200. Suppose 2*m - t - 216 = v. What is the units digit of m?
2
Suppose z + 33441 + 100574 = 3*g, 3*g = -2*z + 134027. Suppose -49*x + 9913 + g = 0. What is the units digit of x?
4
Suppose 515584 = 79*d - 256562. What is the units digit of d?
4
Let l(z) = 10*z - 21. Let d(k) = -2*k + 4. Let m(f) = -22*d(f) - 4*l(f). What is the units digit of m(10)?
6
Suppose 2*v = -v - 9450. Let d = v + 4545. Suppose 4*l - d = w - 328, -3*w = -3. What is the units digit of l?
7
Let t(u) = -u**2 + 7*u - 7. Let h be t(10). Let g be (h/4)/((-3)/12). Suppose 343 - g = 6*o. What is the tens digit of o?
5
Suppose -8*i + 4 = -4. What is the tens digit of (-29728)/(-36) - (66/(-54) + i)?
2
Let k(d) = d**2 - d - 1. Let q(b) be the second derivative of 5*b**4/12 - b**3 + b**2/2 + 5*b. Let o(j) = -4*k(j) + q(j). What is the tens digit of o(4)?
1
Let a = -254 + 882. Suppose -6*c = -7*c + a. What is the hundreds digit of c?
6
Let h = 179 - 175. Suppose h*g - 58 = 3*g. What is the tens digit of g?
5
Let h be ((-91)/(-42))/(-13) + (-226)/12. Let t